{"id":59,"date":"2018-02-12T15:53:15","date_gmt":"2018-02-12T15:53:15","guid":{"rendered":"http:\/\/www.elzoom.es\/wp-elzoom\/?page_id=59"},"modified":"2020-03-04T11:54:59","modified_gmt":"2020-03-04T10:54:59","slug":"fira-pa-i-xocolata-2014","status":"publish","type":"page","link":"https:\/\/www.elzoom.cat\/wp-elzoom\/exposicions-biblioteca\/fira-pa-i-xocolata-2014\/","title":{"rendered":"Concurs Fira Pa i Xocolata 2014"},"content":{"rendered":"<div id=\"ja-mainbody\">\n<div id=\"ja-main\">\n<div class=\"inner clearfix\">\n<div id=\"system-message-container\">&nbsp;El dia 28 de novembre de 2014, a la Biblioteca Miquel Mart\u00ed i Pol de<\/div>\n<div id=\"ja-contentwrap\" class=\"clearfix \">\n<div id=\"ja-content\" class=\"column\">\n<div id=\"ja-current-content\" class=\"column\">\n<div id=\"ja-content-main\" class=\"ja-content-main clearfix\">\n<div class=\"item-page clearfix\">\n<p>Sant Gregori es varen lliurar els premis del Concurs fotogr\u00e0fic de la<br \/>\nFira del Pa i la Xocolata 2014<\/p>\n<p>Premi Fira 1 : J\u00falia Matamoros<br \/>\nPremi Fira 2 : Jaume Ribas<br \/>\nPremi Pa : Conxa Torrado<br \/>\nPremi Xocolata:&nbsp; Carles Pinsach<br \/>\nAcc\u00e9ssit Xocolata:&nbsp; Llu\u00eds Tarr\u00e9s<\/p>\n<p>Les fotografies guanyadores i les seleccionades estaran exposades a la<br \/>\nbiblioteca fins passat les Festes de Nadal.<\/p>\n<p><img decoding=\"async\" src=\"http:\/\/www.elzoom.es\/jml25\/images\/firapx14\/guanyadors.jpg\" alt=\"\">Guanyadors<\/p>\n<p><img decoding=\"async\" src=\"http:\/\/www.elzoom.es\/jml25\/images\/firapx14\/1e_premi_pa%20.jpg\" alt=\"\"><br \/>\n1er Premi Pa<\/p>\n<p><img decoding=\"async\" src=\"http:\/\/www.elzoom.es\/jml25\/images\/firapx14\/1er_premi_fira.JPG\" alt=\"\"><br \/>\n1er Premi Fira<\/p>\n<p><img decoding=\"async\" src=\"http:\/\/www.elzoom.es\/jml25\/images\/firapx14\/1er_premi_xocolata%20.JPG\" alt=\"\"><br \/>\n1er Premi Xocolata<\/p>\n<p><img decoding=\"async\" src=\"http:\/\/www.elzoom.es\/jml25\/images\/firapx14\/2on_premi_fira.JPG\" alt=\"\"><br \/>\n2on Premi Fira<\/p>\n<p><img decoding=\"async\" src=\"http:\/\/www.elzoom.es\/jml25\/images\/firapx14\/2_accesit_xocolata%20.JPG\" alt=\"\"><br \/>\nAccesit Xocolata<\/p>\n<p>&nbsp;<\/p>\n<\/div>\n<\/div>\n<\/div>\n<\/div>\n<\/div>\n<\/div>\n<\/div>\n<\/div>\n","protected":false},"excerpt":{"rendered":"<p>&nbsp;El dia 28 de novembre de 2014, a la Biblioteca Miquel Mart\u00ed i Pol de Sant Gregori es varen lliurar els premis del Concurs fotogr\u00e0fic de la Fira del Pa i la Xocolata 2014 Premi Fira 1 : J\u00falia Matamoros Premi Fira 2 : Jaume Ribas Premi Pa : Conxa Torrado Premi Xocolata:&nbsp; Carles Pinsach &#8230; <a title=\"Concurs Fira Pa i Xocolata 2014\" class=\"read-more\" href=\"https:\/\/www.elzoom.cat\/wp-elzoom\/exposicions-biblioteca\/fira-pa-i-xocolata-2014\/\" aria-label=\"M\u00e9s informaci\u00f3 sobre Concurs Fira Pa i Xocolata 2014\">Llegiu m\u00e9s<\/a><\/p>\n","protected":false},"author":1,"featured_media":0,"parent":40,"menu_order":0,"comment_status":"closed","ping_status":"closed","template":"","meta":{"ngg_post_thumbnail":0,"footnotes":""},"class_list":["post-59","page","type-page","status-publish"],"_links":{"self":[{"href":"https:\/\/www.elzoom.cat\/wp-elzoom\/wp-json\/wp\/v2\/pages\/59","targetHints":{"allow":["GET"]}}],"collection":[{"href":"https:\/\/www.elzoom.cat\/wp-elzoom\/wp-json\/wp\/v2\/pages"}],"about":[{"href":"https:\/\/www.elzoom.cat\/wp-elzoom\/wp-json\/wp\/v2\/types\/page"}],"author":[{"embeddable":true,"href":"https:\/\/www.elzoom.cat\/wp-elzoom\/wp-json\/wp\/v2\/users\/1"}],"replies":[{"embeddable":true,"href":"https:\/\/www.elzoom.cat\/wp-elzoom\/wp-json\/wp\/v2\/comments?post=59"}],"version-history":[{"count":3,"href":"https:\/\/www.elzoom.cat\/wp-elzoom\/wp-json\/wp\/v2\/pages\/59\/revisions"}],"predecessor-version":[{"id":318,"href":"https:\/\/www.elzoom.cat\/wp-elzoom\/wp-json\/wp\/v2\/pages\/59\/revisions\/318"}],"up":[{"embeddable":true,"href":"https:\/\/www.elzoom.cat\/wp-elzoom\/wp-json\/wp\/v2\/pages\/40"}],"wp:attachment":[{"href":"https:\/\/www.elzoom.cat\/wp-elzoom\/wp-json\/wp\/v2\/media?parent=59"}],"curies":[{"name":"wp","href":"https:\/\/api.w.org\/{rel}","templated":true}]}}